s divided by w.
16
Calculate the remainder when (-4306)/(-20) - ((-3477)/(-190) - 18) is divided by 196.
19
Let u = -222 - -435. Calculate the remainder when u is divided by 27.
24
Let g be -3 + (0 - -15) + -3. Let w(c) = -c**3 + 8*c**2 + 5*c + 11. Let q be w(g). Let h = 59 + q. Calculate the remainder when h is divided by 18.
16
Suppose 2*o - 146 = 4*n, -n = 7*o - 5*o - 151. Calculate the remainder when o is divided by 33.
9
Let p(y) = -4*y**2 + 66*y - 5. Calculate the remainder when 558 is divided by p(16).
18
Suppose 0*f + 4*h + 4 = -2*f, -5*h = 2*f + 9. Calculate the remainder when 86 is divided by f.
6
Suppose 0 = 2*b - q - 38, -4*b + 38*q = 42*q - 88. Suppose -3 = -2*j + 143. What is the remainder when j is divided by b?
13
Let f(g) = -5*g - 3*g**3 + 6*g**2 - 3*g**3 + 13*g + 2 + 5*g**3. Calculate the remainder when f(7) is divided by ((-15)/(-6))/(-5)*-12.
3
Let o = -75 + 29. Let u = 22 - o. What is the remainder when u is divided by 23?
22
Let t(j) = 8*j**2 - 424*j + 43. What is the remainder when 49 is divided by t(53)?
6
Let f(k) = -3*k + 236. What is the remainder when f(31) is divided by 72?
71
Let l = 181 + -167. What is the remainder when 67 is divided by l?
11
Let t(c) = 183*c**3 - 2*c**2 + 2*c + 1. What is the remainder when t(1) is divided by 39?
28
Let x(i) be the first derivative of -i**2/2 + 36*i - 11. What is the remainder when x(7) is divided by 15?
14
Let u = -787 + 793. Calculate the remainder when 155 is divided by u.
5
Suppose 5*b + c - 273 = 0, 84 = 5*b - c - 193. Calculate the remainder when b is divided by 55.
0
Let y be 1*(-1)/(-2)*0. Let o be (-1)/(y - 0 - -1). Calculate the remainder when o/3*(-18)/3 is divided by 1.
0
Suppose 0 = 3*q + 14 + 115. Let t = -38 - q. Calculate the remainder when 19 is divided by t.
4
Let f(s) = s + 14. Let b(o) = -o**3 - 9*o**2 - 8*o - 6. Let j be b(-8). Calculate the remainder when 30 is divided by f(j).
6
Suppose -126*s + 45 = -117*s. What is the remainder when 41 is divided by s?
1
Suppose 3*z - j - 853 = 0, 4*z + 0*z + 4*j = 1148. Calculate the remainder when z is divided by 24.
21
Let b = 49 - 25. Suppose 6*p - 7*p = 4. Calculate the remainder when b is divided by 1*-13*(-5 + 4) + p.
6
Suppose 5*t + 0*t = 200. Suppose 4*x + 4*p = t, -4 + 2 = -x + p. Calculate the remainder when 29 is divided by (-1)/x - (-49)/6.
5
Suppose -6*n + n + 255 = 0. Suppose 53*p = n*p + 104. What is the remainder when p is divided by 27?
25
Suppose -r + 4*j + 3 = 0, 3*j + j + 9 = 3*r. What is the remainder when 2/(-4) + (-92)/(-8) is divided by r?
2
Suppose 57 = 3*r - 4*p - 88, r - 44 = -3*p. Calculate the remainder when 184 is divided by r.
43
Let k(u) = -24*u - 398. What is the remainder when k(-26) is divided by 75?
1
Let n = -20 - -8. Let b = n - -15. What is the remainder when 15 is divided by -3*(-1 + (-6)/b)?
6
Let r = 351 + -72. What is the remainder when r is divided by 71?
66
Let i(z) be the third derivative of -5*z**6/12 - z**5/30 - z**4/24 - z**3/6 - 8*z**2. What is the remainder when i(-1) is divided by 13?
9
Let b be 0 + (-28)/(-4) + 0. Let m = 16 - b. Let x = -24 + 48. Calculate the remainder when x is divided by m.
6
Let r = 292 - 241. What is the remainder when 151 is divided by r?
49
Suppose -7*d = -d - 54. What is the remainder when 17 is divided by (16 - 1)*6/d?
7
Let m be 20/(-30) - (-16)/6. Suppose 3*f + 139 = m*o + 2*o, 4*f - 166 = -5*o. What is the remainder when 135 is divided by o?
33
Suppose -1175 = -58*n + 11*n. Calculate the remainder when 123 is divided by n.
23
Suppose -256 + 26 = -10*m. What is the remainder when 108 is divided by m?
16
Suppose -102 = -4*x + 3*d, 124 = -24*x + 29*x - 2*d. What is the remainder when 261 is divided by x?
21
Suppose 44*q - 16*q - 8764 = 0. What is the remainder when q is divided by 15?
13
Let l(j) = -j**2 + j + 7. Let n be l(0). Suppose -x - n = -10. What is the remainder when 7 is divided by x?
1
Suppose 12*l - 83 - 85 = 0. Calculate the remainder when 236 is divided by l.
12
Calculate the remainder when 1221 is divided by (-17 + 0)/(40/(-80)).
31
Suppose -4*t = -t - 9. What is the remainder when ((8/3)/(-1))/(266/(-399)) is divided by t?
1
Suppose q = -n + 312, 3*n + 606 = 2*q - n. What is the remainder when q is divided by 26?
23
Let p be 2/3*6/8*2. What is the remainder when 65 is divided by (78/(-12) + p)/(1/(-4))?
21
Suppose -3*b - 280 = -4*h, -4*h - 3*b + 280 = -0*h. Let m = 40 + h. Calculate the remainder when m is divided by 14.
12
Let j = 288 + -217. Let t = 12 - 4. Calculate the remainder when j is divided by t.
7
Suppose -2*m = 2*m + 4*n - 380, 4*m + 3*n - 383 = 0. Calculate the remainder when m is divided by 51.
47
Suppose n - 3 = 0, 0*t - t - 4*n = -187. Suppose -u - u - 170 = 0. Let r = t + u. Calculate the remainder when r is divided by 23.
21
Let y = 73 - 25. Suppose -13*d = -0*d - 247. What is the remainder when y is divided by d?
10
Suppose 1428 = 2*g - 2*c, 3*g + 3*c - 74 = 2086. Calculate the remainder when g is divided by 40.
37
Let o = 17 + 3. What is the remainder when 73 is divided by o?
13
Calculate the remainder when 118 is divided by 45 + (-6)/15*10.
36
Let v = 2778 - 2696. What is the remainder when 269 is divided by v?
23
Let g = -349 + 406. Suppose 2*q - b - 18 = 0, -q + 2 + 4 = b. What is the remainder when g is divided by ((-30)/8)/((-2)/q)?
12
Suppose -21*d + 27*d = 2022. What is the remainder when d is divided by 26?
25
Suppose 0 = 5*v - 245 + 760. Let n = v - -131. Calculate the remainder when 138 is divided by n.
26
Let n = 21 + -16. Suppose n*d - 431 = -5*q + 4*q, -95 = -d + 2*q. What is the remainder when d is divided by 30?
27
Let d = 4783 + -4734. Let k = 31 + -14. Calculate the remainder when d is divided by k.
15
Let n be 9 - (-3 - -11)/2. Suppose 4 = -n*g + 54. Calculate the remainder when 45 is divided by g.
5
Let s = 19 - 2. Suppose 3*q + 407 = s. Let b = q + 182. What is the remainder when b is divided by 18?
16
Suppose 0 = 3*z + 2 - 23. Suppose 94 = 4*n - 2*b, -n - 3*b - 2*b = -z. What is the remainder when 87 is divided by n?
21
Let t = 627 - -79. Calculate the remainder when (t/(-13))/(-2) + (-46)/299 is divided by 4.
3
Let k(w) = w**3 + 44*w**2 - 2*w - 23. What is the remainder when k(-44) is divided by 20?
5
Let a be (-9)/3 + (-105)/(-5). Calculate the remainder when 32 is divided by (-5)/(15/a)*12/(-4).
14
Suppose 689 = 13*t + 182. What is the remainder when t is divided by 19?
1
Suppose -22*k + 27*k = 0. Calculate the remainder when 2 - k/(3 - 1) is divided by 20/9 + (-4)/18.
0
Let y(v) = -130*v - 1. Calculate the remainder when y(-1) is divided by 44/((-46 + 47)*(2 - 3/3)).
41
Let i(f) = f**3 - 9*f**2 + 8*f + 12. Let m be (-42)/(-7) - (4 + -1). Suppose -4*g + 169 = m*b, 4*b + 3 = -17. What is the remainder when g is divided by i(8)?
10
Let t be (-2)/(-1) - (-3 - -3). Suppose -21 = -p + h, t*h - 87 = -3*p - h. Let n(y) = y**2 - 7*y - 21. What is the remainder when p is divided by n(10)?
7
Suppose o - 22 + 3 = -4*n, 0 = -5*n + 2*o + 27. Suppose -3 = -2*a + n*z, -3*z + 23 = 2*a + 3*a. What is the remainder when 12 is divided by a/10 + (-207)/(-45)?
2
Let i(h) = 4*h - 11. Calculate the remainder when 82 is divided by i(8).
19
Suppose -5*n = 4*c - 0*c - 150, 0 = -4*c + 2*n + 164. What is the remainder when c is divided by 11?
7
Let t(w) = w**3 - 19*w**2 - w + 21. Let y = 16 + 3. Let c be t(y). Suppose 3*l + c*l = 335. Calculate the remainder when l is divided by 23.
21
Let o(h) = -h**3 - 13*h**2 - 12*h + 10. Let d be o(-12). Suppose d = 2*p - 20. Calculate the remainder when 72 is divided by p.
12
Let q = 40 + -25. Let p = 7 - 5. Calculate the remainder when 35 is divided by ((-12)/p - -3) + q.
11
Suppose 4*x - 4*n - 68 = 0, 22*x + n + 47 = 25*x. Calculate the remainder when 55 is divided by x.
10
Let v = -90 - -158. Let c = 123 - v. What is the remainder when 162 is divided by c?
52
Let c be (-267)/(-4)*20/15. Suppose 0 = -4*d + 43 + c. Calculate the remainder when d is divided by 5.
3
Suppose 3*h + 13 = 5*v - 18, 5*h + 89 = -v. Let i = -6 - h. Let q = -53 - -94. Calculate the remainder when q is divided by i.
8
Suppose -4*f + 399 + 369 = 0. What is the remainder when f is divided by 22?
16
Let n(v) = -v**3 - v**2 + 4*v - 1. Let c be n(-3). Let k be 1 - 5 - 392/49. Let u = c - k. What i